n 35 is divided by 18?
17
Calculate the remainder when 422 is divided by 36.
26
Calculate the remainder when 29 is divided by 22.
7
Calculate the remainder when 432 is divided by 30.
12
Calculate the remainder when 33 is divided by 14.
5
Calculate the remainder when 3877 is divided by 13.
3
What is the remainder when 154 is divided by 33?
22
What is the remainder when 43 is divided by 15?
13
Calculate the remainder when 87 is divided by 41.
5
Calculate the remainder when 318 is divided by 295.
23
What is the remainder when 77 is divided by 20?
17
What is the remainder when 39 is divided by 7?
4
Calculate the remainder when 76 is divided by 51.
25
Calculate the remainder when 902 is divided by 48.
38
What is the remainder when 697 is divided by 246?
205
Calculate the remainder when 48908 is divided by 357.
356
What is the remainder when 5098 is divided by 60?
58
Calculate the remainder when 558 is divided by 20.
18
Calculate the remainder when 39 is divided by 17.
5
What is the remainder when 72 is divided by 14?
2
What is the remainder when 29 is divided by 26?
3
Calculate the remainder when 421 is divided by 55.
36
What is the remainder when 566 is divided by 124?
70
Calculate the remainder when 2567 is divided by 848.
23
Calculate the remainder when 178 is divided by 37.
30
What is the remainder when 3292 is divided by 122?
120
Calculate the remainder when 113 is divided by 32.
17
Calculate the remainder when 53 is divided by 26.
1
Calculate the remainder when 833 is divided by 11.
8
Calculate the remainder when 577 is divided by 112.
17
Calculate the remainder when 218 is divided by 212.
6
What is the remainder when 3314 is divided by 51?
50
What is the remainder when 460 is divided by 60?
40
Calculate the remainder when 1423 is divided by 143.
136
Calculate the remainder when 611 is divided by 225.
161
Calculate the remainder when 225 is divided by 46.
41
Calculate the remainder when 355 is divided by 20.
15
What is the remainder when 290 is divided by 280?
10
Calculate the remainder when 164 is divided by 17.
11
Calculate the remainder when 332 is divided by 16.
12
What is the remainder when 162 is divided by 75?
12
What is the remainder when 19502 is divided by 92?
90
Calculate the remainder when 79 is divided by 35.
9
What is the remainder when 65 is divided by 64?
1
Calculate the remainder when 395 is divided by 82.
67
What is the remainder when 359 is divided by 72?
71
What is the remainder when 73 is divided by 6?
1
Calculate the remainder when 314 is divided by 64.
58
What is the remainder when 531 is divided by 264?
3
What is the remainder when 254 is divided by 61?
10
What is the remainder when 386 is divided by 15?
11
Calculate the remainder when 267 is divided by 230.
37
What is the remainder when 544 is divided by 38?
12
Calculate the remainder when 51 is divided by 13.
12
Calculate the remainder when 16349 is divided by 150.
149
Calculate the remainder when 527 is divided by 23.
21
Calculate the remainder when 431 is divided by 121.
68
What is the remainder when 152 is divided by 71?
10
Calculate the remainder when 474 is divided by 121.
111
What is the remainder when 11316 is divided by 20?
16
What is the remainder when 17928 is divided by 110?
108
What is the remainder when 923 is divided by 42?
41
What is the remainder when 5435 is divided by 85?
80
What is the remainder when 1284 is divided by 42?
24
Calculate the remainder when 280 is divided by 4.
0
Calculate the remainder when 4167 is divided by 520.
7
What is the remainder when 4986 is divided by 23?
18
What is the remainder when 301 is divided by 4?
1
What is the remainder when 292 is divided by 81?
49
What is the remainder when 917 is divided by 40?
37
Calculate the remainder when 1361 is divided by 156.
113
What is the remainder when 106 is divided by 57?
49
What is the remainder when 58 is divided by 17?
7
Calculate the remainder when 783 is divided by 28.
27
What is the remainder when 53 is divided by 5?
3
Calculate the remainder when 133 is divided by 17.
14
What is the remainder when 5512 is divided by 394?
390
Calculate the remainder when 12 is divided by 6.
0
Calculate the remainder when 6016 is divided by 11.
10
What is the remainder when 929 is divided by 10?
9
Calculate the remainder when 1152 is divided by 291.
279
Calculate the remainder when 154 is divided by 5.
4
Calculate the remainder when 1448 is divided by 50.
48
What is the remainder when 478 is divided by 40?
38
What is the remainder when 4 is divided by 2?
0
What is the remainder when 42 is divided by 12?
6
Calculate the remainder when 237 is divided by 83.
71
What is the remainder when 891 is divided by 18?
9
Calculate the remainder when 3022 is divided by 24.
22
What is the remainder when 232 is divided by 39?
37
Calculate the remainder when 1248 is divided by 50.
48
What is the remainder when 220 is divided by 28?
24
What is the remainder when 752 is divided by 68?
4
Calculate the remainder when 431 is divided by 109.
104
Calculate the remainder when 437 is divided by 73.
72
What is the remainder when 2606 is divided by 13?
6
Calculate the remainder when 120 is divided by 42.
36
Calculate the remainder when 105 is divided by 8.
1
Calculate the remainder when 200 is divided by 45.
20
What is the remainder when 81 is divided by 43?
38
What is the remainder when 1946 is divided by 8?
2
Calculate the remainder when 1162 is divided by 162.
28
What is the remainder when 59 is divided by 21?
17
Calculate the remainder when 2277 is divided by 43.
41
What is the remainder when 127 is divided by 118?
9
Calculate the remainder when 3865 is divided by 44.
37
Calculate the remainder when 111 is divided by 102.
9
What is the remainder when 1454 is divided by 1444?
10
Calculate the remainder when 618 is divided by 604.
14
Calculate the remainder when 12 is divided by 6.
0
Calculate the remainder when 126 is divided by 26.
22
What is the remainder when 206 is divided by 14?
10
What is the remainder when 344 is divided by 71?
60
What is the remainder when 499 is divided by 245?
9
What is the remainder when 157 is divided by 89?
68
Calculate the remainder when 583 is divided by 60.
43
Calculate the remainder when 396 is divided by 140.
116
Calculate the remainder when 162 is divided by 150.
12
Calculate the remainder when 894 is divided by 295.
9
What is the remainder when 686 is divided by 6?
2
What is the remainder when 401 is divided by 106?
83
What is the remainder when 125 is divided by 50?
25
What is the remainder when 266 is divided by 90?
86
What is the remainder when 246 is divided by 30?
6
Calculate the remainder when 1347 is divided by 9.
6
Calculate the remainder when 210 is divided by 38.
20
Calculate the remainder when 112 is divided by 97.
15
What is the remainder when 81 is divided by 28?
25
What is the remainder when 4367 is divided by 14?
13
What is the remainder when 119 is divided by 60?
59
Calculate the remainder when 10567 is divided by 14.
11
What is the remainder when 48 is divided by 20?
8
Calculate the remainder when 195 is divided by 37.
10
Calculate the remainder when 1686 is divided by 241.
240
Calculate the remainder when 750 is divided by 16.
14
Calculate the remainder when 657 is divided by 7.
6
Calculate the remainder when 537 is divided by 261.
15
What is the remainder when 78 is divided by 18?
6
Calculate the remainder when 71 is divided by 17.
3
Calculate the remainder when 192 is divided by 47.
4
Calculate the remainder when 2676 is divided by 18.
12
What is the remainder when 69 is divided by 24?
21
What is the remainder when 90 is divided by 48?
42
What is the remainder when 612 is divided by 20?
12
What is the remainder when 89563 is divided by 19?
16
What is the remainder when 2118 is divided by 638?
204
What is the remainder when 742 is divided by 24?
22
Calculate the remainder when 174 is divided by 22.
20
Calculate the remainder when 51 is divided by 24.
3
Calculate the remainder when 997 is divided by 248.
5
Calculate the remainder when 401 is divided by 35.
16
What is the remainder when 716 is divided by 38?
32
Calculate the remainder when 7278 is divided by 65.
63
What is the remainder when 747 is divided by 416?
331
What is the remainder when 721 is divided b